-8)*-1*(-6)/(-3). Let r be 1 + k/1 - (0 + 5). Give j(r).
7
Let u(b) = -4*b**2 - 30*b - 10. Let p be u(-7). Let i(l) = -l + 4. Give i(p).
0
Let s(a) = -7*a - 7. Let o(q) = 3*q + 4. Let r(g) = 11*o(g) + 6*s(g). Let u(b) = -16*b + 5. Let c(f) = -7*r(f) + 4*u(f). What is c(6)?
0
Let f(i) = -i**3 - 4*i**2 + 3*i - 5. Suppose -6*s = j - 2*s - 41, s - 26 = -j. Let v = -82 + 56. Let g = j + v. Determine f(g).
5
Let y(u) = u**2 - 6 + 487*u**3 - 962*u**3 + 476*u**3. What is y(0)?
-6
Suppose -9 = 3*x + 3*i, 3*i + 17 = -x + 2*x. Let j(y) = -y + x + 6*y - y + y. Let o be ((-2)/3)/((-3)/(-9)). Determine j(o).
-8
Let i(y) be the second derivative of y**3/6 + 5*y**2 + 163*y. Suppose 0 = -5*v - 5 - 15, -v - 20 = -2*g. Suppose 7 = -3*h - g. What is i(h)?
5
Let a(t) = 6*t + 1. Suppose 27 = -5*d - 4*b, -6*d + 2*d + 3 = -5*b. Determine a(d).
-17
Suppose 2*s = -0*s - r + 7, -3*r = -5*s + 45. Let l(t) = 6*t**2 + s*t + 0 + 6 - 2 - 1 + t**3. Let n(q) = 6*q**3 + q**2 + q + 1. Let c be n(-1). What is l(c)?
-2
Suppose 5*t + 4*d - 6 = 20, -5*d + 16 = -2*t. Let u(s) = -4*s + 2*s**2 - 6*s**t + 6 - 4*s**3 + 5*s**3. What is u(4)?
-10
Let s(n) = 9*n**2 + 8*n + 5. Let u(x) = 13*x**2 + 8*x + 3. Let v(r) = 3*s(r) - 2*u(r). Let o = 1 + -8. Determine v(o).
2
Let b(j) = 2*j - 5. Let s = 340 + -346. Calculate b(s).
-17
Suppose -2*c = -19 + 3. Let v be (12/c - 1)*(-132)/(-6). Let b(k) = k**3 - 12*k**2 + 12*k - 5. Determine b(v).
6
Let d(b) = -25 + b + 19 + 9. Let k(c) = -2*c - 5. Let j(h) = 5*d(h) + 3*k(h). Let o = -7 - -4. Determine j(o).
3
Let i(s) = -s**3 + 7*s**2 - 7. Suppose -p - 4 + 5 = 0. Let c be (8/(-16))/(p/(-56)). Let u = c - 21. Give i(u).
-7
Let a be (0 + 7 - 2)*1. Let o(s) = s + 1 - 6 - 6 + 14 - 6. Calculate o(a).
2
Let i(v) = -2*v - 19. Let j(n) = -n**2 - 5*n + 23. Let d be j(-6). Suppose 4*f = -d - 11. Let m be i(f). Let r(h) = h**3 + 4*h**2 - 5*h - 7. What is r(m)?
-7
Let w(y) = 3*y**2 - y + 1. Let t(k) = 9*k + 57 - 32*k + 15*k. Let p be t(7). Calculate w(p).
3
Let b = 77 - 76. Let u(y) = -3*y + 4. Give u(b).
1
Let l(d) = d**3 + 5*d**2 - 6*d + 9. Let w(g) = g**2 + 60*g - 475. Let j be w(-67). Give l(j).
9
Suppose -5*m + 2*y - 21 = 0, 17*m - 14*m + 5*y = 6. Let o(d) = -d**2 - 8*d - 2. What is o(m)?
13
Let q = 78 - 69. Let u(a) = -6*a**2 + 16*a - 4. Let d(t) = -5*t**2 + 15*t - 5. Let o(b) = -5*d(b) + 4*u(b). Give o(q).
-9
Let u = -9 + 17. Let i(o) be the third derivative of o**4/24 - 13*o**3/6 - 196*o**2 + 1. Determine i(u).
-5
Let v(f) = f + 10. Let z be v(-5). Suppose -5*r - 5*u = -30, z*u - 16 = -r + 6. Let g(b) = 0*b - 4*b**2 - r + 5*b**2 - b + 6*b. Give g(-5).
-2
Let x(l) = -12*l - 5*l**2 - l**2 - l**3 + 6 + 9*l + 0*l**2. Let t(y) = -2*y**2 - 2*y - 1. Let i be t(-2). Calculate x(i).
-4
Let f = -1424 - -1420. Let q(i) = i**3 + 6*i**2 + 4*i - 4. Calculate q(f).
12
Let o(v) = -4*v**3 - 7*v**2 + 8*v + 3. Let u(i) = 5*i**3 + 8*i**2 - 9*i - 4. Let l(j) = -4*o(j) - 3*u(j). Calculate l(-5).
0
Let p = -4 + 6. Let g(s) = s**2 + 7*s + 1. Let t(c) = c. Let o(r) = -g(r) + 5*t(r). Determine o(p).
-9
Let o(b) = -2*b - 9. Let a be o(-6). Suppose -a*m = m. Suppose 2*f + 4*q + 20 = m, -2*f + 6*f - q = -4. Let u(k) = k**3 + k**2 - k - 1. What is u(f)?
-3
Let x(h) = 6*h**2 - h + 1. Let p = 31 + -25. Suppose -p*t - 5 + 11 = 0. Calculate x(t).
6
Let q(i) be the first derivative of -i**3/6 + 3*i**2/2 + i + 1. Let c(h) be the first derivative of q(h). Suppose -27*o - 23*o = -43*o. Calculate c(o).
3
Suppose -58*s = -68*s + 50. Let d(f) = -f**2 - f + 2. Give d(s).
-28
Let l = 70 + -76. Let n(k) = -k**3 - 6*k**2 + 8*k + 5. Give n(l).
-43
Let s be 28/6 + (-2)/3. Suppose -s*t + 3*y = 15, y + 4*y - 14 = 3*t. Let p(x) = -x**3 - x**2 - 3. Give p(t).
15
Let c = 74 + -67. Let d = c + 2. Let k(h) = h - 20. What is k(d)?
-11
Let g(h) be the second derivative of h**5/20 + 5*h**4/12 + h**3/2 + 2*h**2 - 168*h. Determine g(-4).
8
Suppose 2*y - 3*x + 38 = 0, -4*y = -0*y - 3*x + 82. Let n = y - -22. Suppose n*q + 3*q = 21. Let v(l) = l**3 - 6*l**2 - 5*l - 8. Calculate v(q).
6
Let h(a) = -a**3 + 7*a**2 - 7*a + 2. Let r be h(6). Let y(m) = 64*m - 40*m + 1 - 33*m. Let q(z) = 5*z - 1. Let d(t) = 7*q(t) + 4*y(t). What is d(r)?
1
Let f(n) = 2*n**2 + 32 - 3*n**2 - 13 - 13*n - 18 + 0*n**2. Let g = 12 - 25. Calculate f(g).
1
Let g(a) = a + 3. Suppose 6*v = 2*v + 3*y - 80, 0 = 4*v + 5*y + 80. Suppose -5 = 2*d + 5. Let s be (d/4)/(5/v). Give g(s).
8
Let o(c) = -11*c**2 - c - 1. Suppose -2*u + 151 - 11 = 4*w, -2*w = 3*u - 66. Let m = -37 + w. Give o(m).
-11
Suppose k - 6*k = -50. Suppose 4*n - k = -26. Let z(x) = 4*x**3 - 10*x**2 - 5*x - 1. Let t(r) = 5*r**3 - 11*r**2 - 5*r. Let h(b) = 5*t(b) - 6*z(b). Give h(n).
2
Let j(g) = -3*g - 2. Let d be j(-3). Let v(p) = 3*p + 4 + 22 - p - 16. What is v(d)?
24
Let t = -504 - -501. Let g(v) = -4*v + 5. Determine g(t).
17
Let t(o) be the third derivative of -o**6/120 + o**5/12 + o**4/8 + 3*o**3 + 26*o**2. Let f be t(6). Let q(k) = -k + 1. Calculate q(f).
1
Suppose -19*r = -6*r + 26. Let w(s) = -s**2 + s + 1. Determine w(r).
-5
Let o be 4/22 - (0 - (-140)/44). Let m(j) be the third derivative of -1/6*j**3 + 0*j - 5*j**2 - 1/6*j**4 + 0 - 1/60*j**5. Determine m(o).
2
Let q(b) be the third derivative of -17/6*b**3 + 0 + 1/24*b**4 + 0*b - 11*b**2. Let n(g) = -g**2 + 6*g - 1. Let r be n(3). Give q(r).
-9
Let a(j) = -j - 3. Let r(v) = 17*v**2 + 1. Let q be r(-1). Let p = -16 + q. Suppose -p*h - 20 = 3*h. What is a(h)?
1
Let b(l) = -l**2 - l + 1. Suppose 4*w - 159 = -3*j, -2*j + 39 = w - j. Let d = -41 + w. Determine b(d).
-1
Let k(a) be the first derivative of a**2/2 + 10*a + 6. Let f be k(-5). Let n(r) = -1 + 1 + 8 - f + r**2 + r. What is n(-3)?
9
Let r(a) = -a - 5. Suppose 95 = -13*f + 69. Determine r(f).
-3
Let q(l) = -2*l**3 - 23*l**2 + 15*l - 1. Let f(c) = c**3 + 11*c**2 - 8*c. Let j(v) = -5*f(v) - 2*q(v). Give j(-10).
2
Let g(x) = 4*x + 3 - 2 - 5*x. Let j be (((-8)/(-4))/(-6))/(2/(-18)). Suppose 2*z = 3*z - j. Calculate g(z).
-2
Suppose -4*f + 2*a = -3*a + 6, 3*a = -2*f + 8. Let q(u) = 11*u**2 - 2*u + 1. Calculate q(f).
10
Let o(f) be the first derivative of -f**3/3 + f**2/2 - 2*f + 14. Let k(m) = -m**2 - 4*m. Let a be k(-4). Calculate o(a).
-2
Let g(r) = -r**3 + r**2 + 3*r - 2. Let u be (0 + 3)/((-6)/(-16)). Let c = u - 3. Let m = 7 - c. Calculate g(m).
0
Let d be (-32)/(-6)*6/4. Suppose 10 = 2*j - 4*r - 10, -5*r = -j + 25. Let v(n) = -n**2 - 6*n + 5*n + d*n + j*n. Determine v(6).
6
Let m(h) = 7*h**3 - 10*h**2 - 4*h - 2. Let x(i) = -12*i**2 - 141 - 3*i + 3*i**2 + 6*i**3 + 139. Let k = -4 + -1. Let n(o) = k*m(o) + 6*x(o). Determine n(4).
6
Let m(v) = v + 1. Let y(s) = s**3 - 5*s**2 - 6*s + 2. Let a be y(4). Let n = -32 - a. Give m(n).
7
Let u be 2/(-1)*(-9 + (6 - -4)). Let v(l) = l + 11. Calculate v(u).
9
Suppose -r + 7 = 4*r + 4*i, -r + 9 = -3*i. Let y be (1/r)/(13/(-273)). Let p(m) = -9*m + 10. Let t(q) = 5*q - 5. Let b(n) = -6*p(n) - 11*t(n). What is b(y)?
2
Suppose -4*m + 2 = l, 3*l + 5*m + 2 = l. Let b(d) = -d - 4. Let f(q) = -3*q - 11. Let i(x) = -8*b(x) + 3*f(x). What is i(l)?
5
Let n(c) = 318*c + 3*c**2 - 159*c - 3 - 156*c + 6. Calculate n(-2).
9
Suppose 2*a = 2*o + 10, 8*a = o + 3*a + 25. Let u(f) = -f**3 - 2*f**2 - f - 1. Calculate u(o).
-1
Let q = -10 + 16. Suppose 2*j + 8 = q*j. Let k(h) = -3*h - 2. Give k(j).
-8
Let k(a) = -17. Let n(d) = -d + 52. Let b(j) = 17*k(j) + 6*n(j). Give b(5).
-7
Suppose 0 = -12*d + 28 + 152. Let b(p) = -p**3 + 14*p**2 + 14*p + 19. Determine b(d).
4
Let g(j) be the first derivative of j**3/3 + 3*j**2 - 10*j + 144. Suppose 4*z = 1 - 29. Give g(z).
-3
Let n(q) be the second derivative of -q**4/12 + 3*q**2 - q - 69. Determine n(4).
-10
Let s(n) = -11*n**2 + 9*n + 3. Let d(r) be the first derivative of -5*r**3/3 + 2*r**2 + r + 19. Let q(m) = 13*d(m) - 6*s(m). What is q(6)?
19
Let f(v) be the third derivative of v**6/60 + v**5/30 + v**4/24 + 20*v**2 + 3*v. What is f(-1)?
-1
Let r(h) = 34*h - 9. Let p(s) = -39*s + 12. Let b(w) = 6*p(w) + 7*r(w). What is b(-2)?
1
Let v(h) = 68*h**3 + 4 - 3 - 14*h**2 - 69*h**3. Determine v(-14).
1
Let q(z) = 3*z + 2 - 4*z + 0. Let j(a) = 2*a**3 - a**2 - 1. Let y be j(-2). Let o be ((-27)/y - -2) + (-16)/56. Calculate q(o).
-1
Let b(x) be the first derivative of -1/6*x**3 + 11 + 1/2*x**2 - 11*x - 1/12*x**4. Let 